 - 7*a**2 + 8*a + 4. Let o be t(-8). Suppose -16 = -p + 3*y, 2*p - 5*y = 6*p + o. List the prime factors of p.
2
Suppose -451 = -3*w - 4*h + 5*h, 143 = w - 4*h. What are the prime factors of w?
151
Suppose -4*i - 14 = -2*i. Let o = i + 11. List the prime factors of (-13)/(-4) - 1/o.
3
Let g = -3 + 59. List the prime factors of ((-2)/4)/((-2)/g).
2, 7
What are the prime factors of (78/(-9))/(4/(-6))?
13
Suppose 2*y + 18 = 5*l + y, -l = y - 6. What are the prime factors of 2*(34/l + 1)?
19
Suppose -5*p = -4*t - 820, -2*p = -p + t - 164. Suppose -7*x + p = -3*x. What are the prime factors of x?
41
Suppose 4*o - 203 = 3*t, 3*o + 2*t = -2*t + 171. What are the prime factors of o?
53
Let y = 106 + -62. List the prime factors of y.
2, 11
Let k(g) = -g**2 + 7*g + 3. Let c be k(7). Let r be 3 + -1 + -4 + c. Let z = 8 + r. What are the prime factors of z?
3
Suppose -2*a + 0*a + 16 = 0. Let y = -5 + a. Suppose 0*i - 2*j + 10 = i, y*j = 5*i - 50. List the prime factors of i.
2, 5
Let v = 62 + -41. Let p = v + -10. Let a = p + 0. What are the prime factors of a?
11
Let m(d) = 8*d**3 - 3*d**2 - 4*d + 1. Let k be m(3). Suppose -2*a - 2*z - 50 = -k, z = -4*a + 244. Suppose -a = r - 6*r. List the prime factors of r.
2, 3
Let u(v) = -2*v**2 - 4 - 3*v + 3*v**2 + 1. What are the prime factors of u(-3)?
3, 5
Let q(o) = 2*o**2 - 4. Let s(w) = -w**3 + 4*w**2 - 2*w. Let r be s(3). What are the prime factors of q(r)?
2, 7
Suppose 4*s - 25 = -s, 5*b + 10 = s. Let t = 7 + b. List the prime factors of t.
2, 3
Let t(u) = -4*u**3 - 9*u**2 - 8*u + 4. Let b(i) = -i**3. Let q(k) = -3*b(k) + t(k). What are the prime factors of q(-8)?
2
Let r(p) = 14*p + 17. What are the prime factors of r(6)?
101
Suppose 0 = -5*c + 25, 4*t - t - 11 = -c. Let h be t + (0 - (2 + -2)). Suppose x + 0*x = 2*y + 12, -4*x = 2*y + h. What are the prime factors of x?
2
Let j(y) = y + 1. Let n be j(2). Suppose 4*c = -n*h - 14, 7*h = 2*h + c + 15. Suppose -4*g + h*z = -4, -3*z - 3 = g - 18. What are the prime factors of g?
3
Let u(z) = -z + 8. Let y be u(9). Let w(x) = -11*x**3. List the prime factors of w(y).
11
Let s = 5 + 0. Suppose -40 = -z - 4*f + 3*f, -2*z = -s*f - 94. List the prime factors of (3/(-9))/((-2)/z).
7
Let j = -4 - -7. List the prime factors of -2 + j/1 - -1.
2
Let b(z) = 3*z - z**2 - 2*z**3 + 6*z**2 - z**3 + 4*z**3. List the prime factors of b(-3).
3
Let p(k) be the third derivative of -k**4/8 + k**3/2 - 2*k**2. Let y be p(6). Let o = 22 + y. List the prime factors of o.
7
Let r = 0 + 2. Let z = r - -7. Suppose -3*b - 4*g + z = -13, -5*g + 28 = 4*b. List the prime factors of b.
2
Let h(d) = d**2 + 18*d + 19. What are the prime factors of h(-17)?
2
Let y(j) = -2*j - 6. Let m be y(-5). Suppose -c + 3*n = -5*c - 3, -3*c = -m*n - 29. What are the prime factors of c?
3
Let b = -6 - -21. Suppose b = 3*t - 105. List the prime factors of t.
2, 5
Suppose 2*v + v + 5*d - 11 = 0, -5*v = 3*d + 3. Let p(k) = 11*k**2 + 3*k + 13*k**2 + 3 - 23*k**2. List the prime factors of p(v).
3
Let m be (1 + (-1 - -1))*-1. Suppose 18 = -2*d - 6. What are the prime factors of ((-21)/d)/(m/(-4))?
7
Suppose -5 = -k + r, -k - 4*r - 15 = -0*r. Suppose 0 = -3*l - k + 16. List the prime factors of l.
5
Suppose x + 2*x - 3 = 0, 12 = 5*o + 2*x. Suppose 4*g - 8 = 5*m - 6*m, 4*g - 4 = -o*m. What are the prime factors of (g - (-2 + 2)) + 3?
2, 3
Suppose 0 = 6*g - 516 - 186. List the prime factors of g.
3, 13
Suppose -126 = -5*o + 3*n + 16, -143 = -5*o + 2*n. List the prime factors of o.
29
Let k(d) = -d**2 + 18*d - 27. What are the prime factors of k(16)?
5
Suppose -2*p = -3*s + 148, 3*p = 2*s + 5 - 102. Suppose 0 = -f + 2, -4*k + 0*k = 3*f - s. What are the prime factors of k?
11
Let n(q) = 7*q - 4. List the prime factors of n(5).
31
Suppose -r + q = -4*r + 20, 1 = -q. Suppose 13 = 4*n + x - 0, -5*x = -4*n + r. What are the prime factors of n?
3
Suppose -x + 4*x - 9 = -z, 2*z - 3 = -3*x. Let i(j) be the second derivative of -j**3/2 - j. List the prime factors of i(z).
2, 3
Let a(q) = -3*q - 8. Suppose -4*r = 38 + 2. List the prime factors of a(r).
2, 11
Let f(m) = -4*m - 11. Let r(b) = -b - 1. Suppose -5 = c + 4*p, 3 = 5*c - p - 14. Let j(s) = c*r(s) - f(s). List the prime factors of j(0).
2
Let d(v) = -v**2 + 4*v - 1. Let r be d(5). Suppose -2*w = -13 + 5. Let p = w - r. List the prime factors of p.
2, 5
Suppose 0 = -a - 4*a + 500. List the prime factors of a.
2, 5
Suppose 6*u = 3*u + 381. List the prime factors of u.
127
Let n(q) = 7*q - 2. Let x(r) = -14*r + 4. Let p(d) = -9*n(d) - 4*x(d). What are the prime factors of p(-1)?
3
Let q(d) = d**3 - 3*d**2 + 3*d - 4. Let x be q(3). Let f(g) = x*g + 0*g + 10 - 4*g. What are the prime factors of f(0)?
2, 5
Let z = 7 - -30. What are the prime factors of z?
37
Suppose 436 = 6*x + 112. What are the prime factors of x?
2, 3
Suppose 2*h + 20 = 3*h. Suppose 0 = -5*n + 90 + h. Suppose -5*a + 3*a + n = 0. List the prime factors of a.
11
List the prime factors of (-4 - -9) + -4 - -122.
3, 41
Suppose 2*j + 4 = -2*j. List the prime factors of (2/j)/((-3)/24).
2
Suppose 5*b - 8 = 3*b, 4*b = -2*c + 322. What are the prime factors of c?
3, 17
Let p = 131 + -67. What are the prime factors of p?
2
Suppose -4*x + i = 0, -3*x - 4 = -i - 3. Suppose 0 = -2*u + 15 + x. What are the prime factors of u?
2
Let t = 72 + -28. Suppose 0 = -2*a + t + 6. What are the prime factors of a?
5
Let v(x) = -5*x - 1. Let k(w) = -w + 5*w - 4*w + w. Let f(a) = -11*k(a) - 2*v(a). What are the prime factors of f(-8)?
2, 5
Let k = -4 - -4. Suppose -2*i + 4*m + 57 = m, -i + m + 28 = k. List the prime factors of 18/(-24) + i/4.
2, 3
Let n(r) = 4*r**2 + 4*r + 3. List the prime factors of n(-4).
3, 17
Let p = -2 + 7. Suppose 0 = -p*i - d - 3*d + 94, 3*d - 3 = 0. What are the prime factors of i?
2, 3
Let b = 17 + -12. Suppose b*n = 40 + 15. List the prime factors of n.
11
Let v(n) be the first derivative of -n**5/40 - n**4/4 + 4*n**3/3 - 3. Let x(l) be the third derivative of v(l). What are the prime factors of x(-4)?
2, 3
List the prime factors of (-250)/(-6) + 18/(-27).
41
Suppose -3*u - 2 + 9 = -2*f, -2*f - u = -13. Suppose l + 2*l - 144 = 3*k, 185 = f*l + 3*k. List the prime factors of l.
47
Let s = -1 - -3. Let p(j) = j**3 + j**2 + j. Let g(h) = 3*h**3 - h**2 + 3*h - 2. Let m(l) = s*p(l) - g(l). What are the prime factors of m(2)?
2
Suppose -12 = -2*w - 2*a, 4*a - 16 = -2*w + a. Suppose 12 + 4 = w*v. List the prime factors of v.
2
What are the prime factors of -73*(-1 - 2) + 3?
2, 3, 37
Suppose h = 5*h - 148. List the prime factors of h.
37
Let z be ((-5)/10)/((-1)/(-74)). Let h = -3 - z. What are the prime factors of h?
2, 17
Suppose 15 = -5*y + 5*z, z = -3*y - 4 - 9. What are the prime factors of (-26)/(8/y + 0)?
13
Let j be 254/(-3) + (-1)/3. Let h = j + 162. Suppose -h = -5*r - 22. List the prime factors of r.
11
Let x = 5 + -11. Let j = 8 - x. What are the prime factors of j?
2, 7
Let u(j) be the first derivative of 5*j**3/3 + 7*j**2 - 16*j + 2. Let g(h) = h**2 + 3*h - 3. Let w(y) = -11*g(y) + 2*u(y). What are the prime factors of w(-4)?
5
Suppose -4*f + 2*f + 7 = 5*r, 0 = -4*f - 2*r + 22. What are the prime factors of (-9)/f - (-30)/4?
2, 3
Suppose -2 - 7 = 3*f. List the prime factors of -2*2*(-1 + f).
2
Let p be 2/(-4)*(-8 - -2). Let q be -2 + (-1)/2*-4. Suppose -3*y = p*h - q*y - 18, -3*h + 22 = 4*y. What are the prime factors of h?
2
Let w(u) = -u**2 + 14*u + 7. What are the prime factors of w(5)?
2, 13
Let t be (-106)/4 + 8/(-16). Let r = -15 - t. List the prime factors of r.
2, 3
Let n(m) = 151*m + 5. What are the prime factors of n(2)?
307
Let u(o) be the second derivative of o**3/6 + 4*o**2 - 3*o. List the prime factors of u(11).
19
Suppose 5*s = 100 + 105. What are the prime factors of s?
41
Suppose -2*f - 2*f + 16 = 0. Let q = -5 + f. What are the prime factors of (0 + q + 0)*-3?
3
Suppose 13*c = -433 + 2656. List the prime factors of c.
3, 19
Let t be (-56)/(-6)*(8 + 1). Suppose -5*o - 21 = t. Let f = 35 + o. List the prime factors of f.
2, 7
Suppose 28*w - 25*w = 138. What are the prime factors of w?
2, 23
Let z = 25 - 17. Let h(a) = a - 1 + z*a - 3*a. List the prime factors of h(1).
5
What are the prime factors of (4/(-1) - -112) + 4?
2, 7
Suppose -3*i + 0*i = 3*x - 96, -3*x = 6. Suppose 128 = 